4.
-1
Calculate -6 + 5 + -3 + (3 - 0).
-1
What is the value of -3 + (-2 - -2) + (2 - 2)?
-3
1 + -2 + 1 - (101 - 103)
2
Evaluate -8 + (6 - 3) - (-6 + 2).
-1
Calculate (-2 - -1) + 8 + -1.
6
Calculate 6 + 0 + -1 + -2.
3
Calculate (120 - 120) + 1 + -10.
-9
What is the value of -1 - 3 - (-31 - -25)?
2
Evaluate -8 + -2 + 4 - 0 - -1.
-5
What is the value of 5 + -3 + (-5 - -1)?
-2
Evaluate (2 - (4 + -2 - -1)) + 2.
1
Evaluate -4 + (-2 - 0) - -6.
0
Calculate 11 + (-5 - (8 + -7)).
5
What is (0 - 2) + 0 + 4 - 3?
-1
Calculate (3 - (-4 - -3)) + -4.
0
What is -8 - (-6 + (-10 - 1))?
9
What is the value of -6 + 1 + 4 + 0?
-1
What is -6 - (-5 - (-5 - -4))?
-2
2 + -4 + (-7 - (-9 + 7))
-7
Evaluate -1 - 3 - (-1 + 1).
-4
-2 + 10 + 4 + -5
7
Evaluate 0 - (2 - (-2 - -2)) - -1.
-1
What is (11 - (-8 - -8)) + -19?
-8
What is the value of 3 + (-2 - (-3 + 4))?
0
(-3 - -4) + (-3 - -1)
-1
Evaluate 0 + 3 - (2 + (-1 - -5)).
-3
What is the value of -1 + -1 + 5 + -5 + 2?
0
Calculate 0 - -5 - (113 + -109).
1
(9 + -5 - -8) + (2 - 8)
6
What is 3 + 1 + -10 + (3 - 5)?
-8
-1 + -1 + 4 + -5
-3
What is (6 - -7) + -2 + -13?
-2
What is the value of -13 + 14 + (-3 - (-1 - 0))?
-1
6 + (2 - -4) + -8
4
Evaluate (0 - (8 - 8 - 7)) + -5.
2
What is the value of 2 + (1 - 3) - (3 + -1)?
-2
What is the value of 4 + (7 - 5) - 9?
-3
Calculate 5 - (-1 - -7) - (-4 - 2).
5
Calculate 7 + -7 + -9 - -16.
7
Evaluate 2 + 2 + 1 + -5.
0
(3 - -5) + -4 - (1 + 1)
2
5 + (-6 + -6 - (-2 - 0))
-5
Evaluate 43 + -40 + (-1 - (1 - -1)).
0
Evaluate 6 - (1 + -6) - 16.
-5
Calculate -12 + ((3 - -12) + -4 - 5).
-6
What is the value of -6 - (8 + 0 + -8)?
-6
Evaluate (4 - 3 - (0 + -3)) + -1.
3
Evaluate -1 - 1 - (-5 - 2).
5
Evaluate -8 - (2 + (-14 - -6)).
-2
(3 - (6 - 4)) + 0 - -2
3
What is (9 - (1 + 0)) + -4?
4
What is -8 - (2 + (-1 - 3))?
-6
What is -11 + -26 + 12 + 19?
-6
What is (0 - 3) + (1 - 2)?
-4
0 + 7 + (6 - 32 - -18)
-1
2 + 7 + -9 + -2
-2
Evaluate 49 + -48 + (-1 - -6).
6
What is -5 + -1 - -4 - -2?
0
Evaluate -6 + 1 + (2 - -3).
0
Evaluate 8 - 10 - (6 + 1 + -2).
-7
Calculate (-32 - -26) + (-2 - -12).
4
3 + (4 - 8) + 0
-1
Evaluate 10 + 1 + -8 + -3 + 1.
1
What is the value of 0 - -4 - (-2 - -3) - -3?
6
What is the value of -13 + 16 - ((8 - 2) + 2)?
-5
What is the value of -6 + (-3 - (3 + -10))?
-2
-18 - -25 - (-1 - -2)
6
Evaluate (-4 - (-6 + 5)) + 2 + -2.
-3
Calculate 13 - 6 - -6 - 7.
6
Calculate -6 + 5 + 7 + -16 + 1.
-9
What is the value of 4 - (3 - (-2 + 0))?
-1
What is the value of (19 + -13 - 11) + 2?
-3
Evaluate -1 + (1 - 3) + (-23 - -23).
-3
Evaluate 11 - (4 + -5) - 7.
5
What is 67 + -71 - (0 + -6)?
2
Evaluate -3 - (-3 - -2 - (5 - 1)).
2
What is 11 + -16 + (-3 - (-6 + -3))?
1
-20 + 10 + (-1 - -3)
-8
What is the value of -5 - (6 + -15 + -4)?
8
What is 3 + -1 + 2 - (2 + 0)?
2
Evaluate -8 + 6 + 2 - (-1 - 3).
4
Calculate (7 - 1 - 8) + -6.
-8
What is -5 + (-5 + 0 - (27 - 36))?
-1
Calculate (0 - 5) + -3 - -5.
-3
What is 5 + (2 - 7 - (-21 - -18))?
3
What is the value of 0 + 5 + -1 + 1?
5
Calculate 0 - (4 + -1 + -6 - 2).
5
Evaluate -1 + (-1 + 6 - (47 - 38)).
-5
Calculate 9 + 3 + (-5 - 5).
2
What is (-4 - -10) + 0 - 14?
-8
What is (9 - 4 - 13) + 7?
-1
Calculate 2 + 0 + (11 - (-3 + 14)).
2
59 + -61 + 0 + -2 + 8
4
0 + 0 + -5 - (-1 - 2)
-2
What is the value of -8 - (8 - 8) - -6?
-2
Calculate (-8 - (5 - 1)) + 3.
-9
(-5 - -4) + (0 + 4 - -3)
6
What is the value of -4 + 1 + 0 + -4 + 0?
-7
2 + -2 + (-3 - (-7 - -3))
1
1 + -2 + -4 + (-40 - -41)
-4
What is -4 + -5 + 1 + 13?
5
What is the value of (4 + 0 - (-7 + 11)) + -5?
-5
What is the value of -129 + 128 - (-2 - (0 - 0))?
1
Calculate -5 - (2 + -5) - (0 - 0).
-2
What is -6 + (-11 - 0) + 9?
-8
Calculate (0 - -1) + -1 - (1 + 1).
-2
What is the value of -5 - (-12 + 8 - (-5 - -11))?
5
What is 0 + (-1 - -1) + (-7 - -4)?
-3
Calculate 16 + -11 + (-4 - 0).
1
What is the value of 6 + (-8 + (2 - 3) - -5)?
2
What is the value of (0 - -3) + -12 + 4?
-5
Calculate -2 + (8 - -3) - (7 - 1).
3
What is 8 + (-5 - (11 - 11))?
3
Evaluate (-4 - (-11 + 3)) + (-20 - -14).
-2
-5 - -6 - 1 - 3
-3
-2 + (-11 - -6 - (-2 + -1))
-4
What is the value of -1 - (2 - (4 + (-4 - -3)))?
0
What is 4 - (0 + 4 + 4)?
-4
Evaluate 4 + -9 - (-6 - (-1 - 2)).
-2
Evaluate (6 - (-4 + 13)) + 3.
0
3 + 1 + (-3 + 3 - 1)
3
Calculate 10 + (2 - (5 + 6)) + 2.
3
Calculate -1 + 12 - (4 + 1).
6
What is 31 + -35 - (1 + -11)?
6
Calculate (0 - -2) + (8 - (16 + -4)).
-2
What is -3 + 3 + 1 + (-21 - -20)?
0
Calculate 4 - (-4 + -3 + 9).
2
What is the value of -6 - (-1 + (1 - 3) + 5)?
-8
Calculate (-8 + 9 - 4) + -1 + -2.
-6
Evaluate -2 - (-5 + 2) - 4 - -7.
4
0 + -5 + (-3 - -7 - 3)
-4
What is 2 + -5 + -4 + -3 + 11?
1
What is -2 + (1 - 2) - (-5 - 1)?
3
Evaluate -10 + -4 - (-4 - 1 - 2).
-7
Evaluate 5 - (-5 - (2 - (15 - 5))).
2
What is the value of (-3 - -2) + (5 + -7 - -1)?
-2
What is the value of 2 + 0 + -8 + 4 - 1?
-3
What is the value of 12 - (3 - -2 - 2) - 2?
7
(0 - -2) + 40 + -41 + 5
6
Evaluate -4 - -2 - (-11 + -7 + 22).
-6
Evaluate 3 + (-2 - 2) + 2.
1
What is the value of 2 + 0 + -1 + 2 + -2?
1
What is -7 - (-2 + -4 - (9 - 1))?
7
What is the value of (6 - 2 - (-5 - -5)) + -2?
2
12 - ((7 - 11) + 8)
8
What is -5 - -1 - 1 - -6?
1
What is the value of 2 + 2 + (1 - (9 + -4))?
0
Calculate -16 + 18 + 1 + 0 + -4.
-1
What is 8 - 3 - (23 - 13)?
-5
What is the value of 10 + (-8 - 5) + -1?
-4
Evaluate -4 + (-4 - -4 - -2).
-2
What is 2 + (-2 - -1) + 2 + -4?
-1
What is 8 + 2 + 5 + -14?
1
What is 1 + 2 + -1 - 7?
-5
(15 + 1 - (4 + 0)) + -5
7
What is -1 + 0 - (-3 - (0 - 3))?
-1
Calculate -5 - -1 - (1 - (2 - 3)).
-6
What is the value of 2 - 1 - (1 + 4)?
-4
What is -3 + 0 + 20 + -15?
2
Calculate 14 + -20 - (-3 + -1).
-2
Calculate 2 - (5 - 6) - 15 - -7.
-5
Evaluate (77 - 82) + (3 - 1).
-3
(-1 - -4) + 0 + (-1 - 3)
-1
What is (-1 - 0) + (3 - 14 - -6)?
-6
-4 - (3 - (-3 - -7))
-3
Calculate -6 - (-3 - (0 + -2)).
-5
Evaluate -1 + 9 + -14 + 11.
5
(-3 - (2 + -1)) + (-77 - -75)
-6
What is the value of (4 + -1 - (-5 + 7)) + -4?
-3
Calculate (1 - -3) + 97 + -99.
2
Calculate -2 - (0 + -7) - 2.
3
What is -4 - (-5 - (-5 + (-2 - -5)))?
-1
What is 1 + -10 + (10 - (1 + 3))?
-3
-1 + (-3 - (1 - (8 - -2)))
5
What is -22 + 16 + 9 + 1?
4
What is the value of 7 + -4 + 0 + (-3 - -2)?
2
(9 - -1) + (13 - (-8 - -28))
3
Evaluate -5 - ((4 - (-1 - -4)) + -3).
-3
Calculate -2 + -11 + 7 + 10.
4
Evaluate 4 + (-7 + 1 - -1).
-1
What is the value of (10 - 3) + -2 + -1?
4
What is the value of 7 + -4 - (-2 - (0 - 5))?
0
Calculate 0 + (1 - (1 + 0 + 4)).
-4
Evaluate 9 + -5 - 11 - (-3 - -2).
-6
What is the value of 5 - (0 + -1 - -1)?
5
Calculate -2 + 0 + -1 + -3 + 6.
0
Calculate (6 - (0 - -28)) + 12.
-10
What is -14 + 5 + -1 - -8?
-2
-4 + 1 - (-2 + 2)
-3
Calculate 1 + 2 + -6 - (2 - 8).
3
Evaluate (4 + -3 - 3) + (8 - 10).
-4
3 - (0 - -3 - -2 - 1)
-1
Calculate -9 - -5 - (5 + -10 - -3).
-2
What is the value of (49 - 51) + 0 + (-1 - 4)?
-7
What is 0 + -5 - (-11 + 5 + 2)?
-1
Calculate -6 + 3 + (-2 - (0 - 6)).
1
3 + -2 + 9 + -9
1
What is the value of -1 + (2 + -2 + -4 - 0)?
-5
What is -3 + 4 + -4 + 4?
1
(-1 - (-1 + 0)) + (2 - 3)
-1
Evaluate (-5 + (4 - 5) - 0) + 4.
-2
-2 + 2 - (1 + 1 + 2)
-4
-6 - (14 + (-13 - 14))
7
What is the value of (-11 - -13) + -9 - -9?
2
What is the value of 9 - (-4 - (-1 + -7))?
5
Calculate (7 + -5 - -4) + 0 + -5.
1
Calculate (-7 - -6) + (-3 - -4).
0
Calculate (4 - (-1 - -11)) + (2 - 1).
-5
3 + (0 - 2) + 1 + -7
-5
Calculate 7 - (0 + 1 + 9).
-3
What is the value of -4 + -4 + 3 + 0?
-5
Calculate -3 + 7 + -2 - -1 - 0.
3
Calculate 1 - 5 - (3 - 8).
1
Calculate (-8 - -3) + (7 - 3).
-1
What is the value of -20 + 10 - (-2 - 13)?
5
What is the value of -1 + (-14 + 26 - (0 + 4))?
7
What is the value of 6 + 1 + -1 + 1 - 2?
5
0 + -6 + 26 + -24
-4
Evaluate (-4 - -7) + -4 + -1 - -5.
3
Calculate 5 + 1 + -2 + -1.
3
What is the value of (8 + -13 - -8) + 1?
4
What is the value of -2 + (9 - 3) + -8 + 4?
0
Calculate -5 + (2 - -1) + 11 + -10.
-1
What is the value of 19 - 17 - (4 + 0)?
-2
Calculate -6 + (10 - (-1 - -1)).
4
Calculate (2 - 6 - 2) + 2.
-4
10 - (0 - (-5 + (3 - 0)))
8
Evaluate (-2 - 0) + -5 + 4.
-3
Calculate 4 - (6 + (0 - (-1 - -4))).
1
What is the value of -5 + 4 - -2 - 2?
-1
What is -2 - (4 + -2 + -9)?
5
What is 1 + (-2 - (6 + -4))?
-3
7 - ((36 - 8) + -12)
-9
2 + -3 + (10 - 10 - 4)
-5
3 - (-3 + 3)